r of 7 and k?
7
Let x(j) = -j + 23. Let d be x(11). Calculate the highest common factor of d and 108.
12
Suppose 0*b + 2*b - 14 = v, 0 = 2*v + 8. Let d = b + 0. Let s = d - -6. Calculate the greatest common divisor of 88 and s.
11
Let a = 7 - 6. Let n be (2 - a) + (19 - -4). Calculate the greatest common factor of n and 8.
8
Suppose -2*x - 77 = -3*x - 2*q, -3*x + 249 = -3*q. Calculate the greatest common divisor of x and 9.
9
Let h = 4 - 7. Let o = 0 - h. Let j be o/((-6)/(-28))*1. What is the greatest common divisor of j and 112?
14
Let a be 3/3 - (0 - 39). Suppose 0 = 4*w - 3*o - 49, 6*o - o = -4*w + 89. What is the highest common divisor of a and w?
8
Let a be (32/(-3))/(5/(-15)). Suppose -a = 2*i - 6*i. What is the greatest common factor of 8 and i?
8
Let f = -24 - -44. Calculate the greatest common factor of 20 and f.
20
Suppose 2*h = -2*h. Suppose h*j = -j - 2. Let l = j - -20. Calculate the greatest common divisor of 18 and l.
18
Let j(s) = -5*s - 5. Let o be j(-5). Suppose 0 = 2*d + 189 + 53. Let l = 261 + d. Calculate the highest common factor of l and o.
20
Let j(q) = -2*q**2 + 30*q - 22. Let p be j(11). Let d = -4 + 10. What is the greatest common factor of p and d?
6
Let d = 0 + 2. Suppose 3 = l - d. Suppose -3*x + 1 = -l. Calculate the greatest common divisor of x and 2.
2
Let f = -8 + 8. Suppose 0*r - r + 11 = f. What is the greatest common divisor of 44 and r?
11
Suppose -1 = q - 5. Suppose -3*y + 2*s + 104 = 0, -48 = -q*y + 2*y - 4*s. What is the greatest common factor of y and 80?
16
Let v(l) = -l**3 + 5*l**2 + 4. Let z be v(5). Suppose 0 = -3*j + 58 - z. Let u = -4 + j. Calculate the greatest common factor of 126 and u.
14
Suppose 5*d + 2*b = 126, 2*d - 4*b = 54 + 6. Suppose -17 = x - 2*t + 7*t, -5*t = 10. Let k = x - -20. Calculate the highest common divisor of d and k.
13
Let c be 1/(-3 + (-3 - -7)). Let z be (-3)/(-2 - c)*13. What is the highest common divisor of 39 and z?
13
Let s be 48/2 - (-13)/(117/(-36)). What is the greatest common factor of s and 20?
20
Let f be 97 + 2*9/(-24)*-4. What is the highest common divisor of 20 and f?
20
Let f(i) = 10*i**2 - 2*i - 1. Let m be f(-1). Let j = m - -77. What is the highest common divisor of 11 and j?
11
Let c = 7 - 1. Suppose 5*g = 3*b - 9, 4*b + 2*g = c*g + 20. Let k be 2 + b + (-4 - -5). What is the greatest common factor of k and 33?
11
Let p be -2 + (2 + -1)*13. Let c = -14 + 102. What is the greatest common factor of p and c?
11
Let c = 19 - 16. Suppose c*p - 3 - 15 = 0. What is the greatest common factor of 12 and p?
6
Suppose 5*n - 4*z = -19, n + 2 = -n - 4*z. Let t be 1/n*(-9)/3. Suppose 0 = -p + 5*c - t - 8, -3*p - 2*c = -7. What is the highest common divisor of p and 2?
1
Suppose 2*w - 5*w = -18. Suppose -37 + 133 = 4*r. Calculate the greatest common factor of r and w.
6
Let c(l) = l + 15. Let d be c(-10). What is the greatest common divisor of d and 35?
5
Let m(g) = -g**2 - 5*g - 7. Let t be m(-5). Let z = t - -12. Suppose -z*q + 2 = -43. What is the greatest common divisor of 3 and q?
3
Let a = 1 - -5. Let m be ((-8)/6)/((-1)/a). What is the highest common divisor of 40 and m?
8
Suppose -2*o - 5*y = o - 55, -2*y - 41 = -3*o. Calculate the highest common factor of o and 30.
15
Suppose 2*n + 3*n + 10 = -5*w, 0 = -5*n - w + 10. Calculate the highest common divisor of n and 6.
3
Suppose 2*a = 6*a + 2*p - 46, -3*a - 3*p + 27 = 0. Suppose -291 = -3*g + 81. Suppose -432 + g = -2*x. Calculate the greatest common factor of a and x.
14
Let w = 11 - 9. Suppose -k + 2*s + 23 = 4, -w*k + 5*s = -34. What is the greatest common divisor of k and 18?
9
Let v(q) = -13*q**3 + 2*q - 1. Let p be v(-2). What is the greatest common factor of p and 9?
9
Let c(z) be the third derivative of -z**6/120 + z**5/12 + 7*z**4/24 + z**3 - 2*z**2. Let y be c(6). Calculate the greatest common factor of y and 12.
12
Let f = -9 + 28. Let t = f + 21. Calculate the highest common divisor of t and 10.
10
Let r be 11 + -2 + 2 + 0. Let t = 98 - 54. Calculate the highest common factor of r and t.
11
Let f(g) = g**2 - 8*g - 8. Let n be f(8). Let r be (-5 - n) + 17/1. Let u = 82 + -32. What is the highest common divisor of u and r?
10
Let s(d) = d**2 + 10*d + 14. Let z be (4 - 36/8)*22. Let j be s(z). Calculate the greatest common divisor of j and 275.
25
Let c be (-4)/14 - (-450)/7. Let z = c + -28. Let m = z + -21. What is the greatest common divisor of m and 75?
15
Suppose 4*b + b + 116 = 3*v, v = 2*b + 40. Calculate the greatest common divisor of 80 and v.
16
Suppose 0*u - u + 3*b = -81, -3*u = 2*b - 254. Let p = 11 + -29. Let g = u + p. What is the highest common factor of 22 and g?
22
Let x be (364/21)/(-13)*162/(-4). What is the highest common factor of x and 6?
6
Let c = 25 - 14. Suppose p = c + 45. Let f(s) = s**3 + 4*s**2 + s + 1. Let w be f(-2). What is the greatest common divisor of w and p?
7
Suppose -f + 10 + 3 = 0. Let x = 208 + -117. What is the greatest common factor of x and f?
13
Suppose 0*w = w. Suppose -3*a + w*a = 0. Suppose -2*g - 48 = -4*m - a*g, 0 = -m + g + 13. Calculate the greatest common factor of m and 99.
11
Suppose 4*m + 18 = 7*m. Calculate the highest common divisor of m and 2.
2
Suppose -2*u = 3*t - 35, -5*t + 10 + 41 = -4*u. Calculate the highest common factor of 1 and t.
1
Suppose 0 = 15*o - 19*o + 152. What is the highest common divisor of 19 and o?
19
Let o = 614 + -435. Let w = 267 - o. What is the highest common divisor of 11 and w?
11
Suppose 91 + 77 = 8*g. Calculate the greatest common divisor of g and 231.
21
Let g = -20 + 29. What is the greatest common factor of g and 6?
3
Let b be 0 - -14 - 1 - -1. Let r = 2 - -4. Suppose -4*t + r = -106. Calculate the greatest common factor of b and t.
14
Let i(q) = 3*q + 2 - 18*q**2 - 13*q**3 + 18*q**2. Let u be i(-2). What is the greatest common factor of u and 40?
20
Let z(m) = -3*m**2 + 49*m - 10. Let k be z(10). Let f = 16 + 4. Calculate the greatest common divisor of f and k.
20
Let f(j) = -3*j + 3. Let t be f(-3). Let q be (-8)/t - (-4)/6. Suppose 57 = 2*p + 5*c, q*p + c + 18 = p. What is the greatest common factor of p and 7?
7
Suppose y + 0*t = 2*t + 21, 3*t + 37 = 2*y. Calculate the greatest common factor of 33 and y.
11
Let h be ((1 - -1) + 2)*-1. Let k(n) = -n**3 - 2*n**2 + 3*n - 5. Let v be k(h). Suppose 0 = g + 3*g - 300. What is the highest common divisor of g and v?
15
Suppose 29 = -5*k + 4*u - 44, -4*k = 4*u + 44. Let o = k - -23. Let l = -33 - -58. What is the highest common factor of o and l?
5
Suppose 5*o - 10 = c - 0*c, 3*c - 12 = o. Calculate the greatest common divisor of 6 and o.
3
Let m(x) = 3*x**2. Let z be m(4). Calculate the greatest common factor of z and 24.
24
Suppose z + 3*p - 38 = 0, 4*z = -4*p - 1 + 185. What is the highest common divisor of z and 10?
10
Suppose 12*b - 7*b - 5 = 0. Suppose -2*u = -4*l + 10 + 10, -l + 23 = 4*u. Calculate the highest common divisor of l and b.
1
Let l = -6 - -14. Calculate the greatest common factor of l and 1.
1
Let r(x) = -25*x**2 - 2*x - 6. Let v(s) = s**2 + 1. Let q(a) = -r(a) - 5*v(a). Let i be q(3). What is the highest common divisor of 17 and i?
17
Suppose 40 = 5*r - 5*o, -2*r + 11 + 1 = -o. What is the highest common divisor of r and 16?
4
Let s(o) = -9*o**2 + 32*o - 40. Let y(f) = -4*f**2 + 16*f - 20. Let u(i) = -3*s(i) + 7*y(i). Let b be u(14). Calculate the greatest common divisor of b and 40.
8
Let i be 90/20*(-4)/6 - -17. What is the highest common divisor of i and 112?
14
Let x = 51 - -4. Suppose x = f - 20. Calculate the highest common divisor of 25 and f.
25
Suppose p = -i - 98, 2*i - 3*p + 0*p + 186 = 0. Let d = -41 - i. Calculate the greatest common divisor of 22 and d.
11
Suppose -i - 2*i = -6, -5*f - 2*i - 16 = 0. Let x be (8/(-2))/f - -14. Calculate the greatest common divisor of 120 and x.
15
Suppose 0 = 3*b + 2*b - 5*t - 30, b - 10 = 2*t. Suppose 2*j - 8 = -b*j. Let i = 0 - -22. What is the greatest common factor of j and i?
2
Suppose 0 = -o + 2*o - 3. Suppose -o*j + 7 = -2*j. Calculate the highest common factor of j and 7.
7
Suppose -d - 3 = 2*d, 0 = -c + 2*d - 1. Let h be 188/16 + c/(-12). What is the highest common divisor of h and 30?
6
Suppose 25 = 5*s - 4*c, -c = -0*c. Calculate the highest common factor of s and 25.
5
Suppose -4*r 